r(v) = 5*v**3 + 24*v**2 + 9*v - 37. Let d(q) = -2*r(q) + 9*s(q). What is d(6)?
-7
Let t(w) = w**3 - w**2 + w + 2. Let d be t(2). Let j(s) be the second derivative of -s**4/12 + 4*s**3/3 + 2*s**2 + 2*s + 5. Give j(d).
4
Let k(d) be the third derivative of d**7/2520 - d**6/60 + d**5/12 - d**4/8 + 5*d**3/2 + 2*d**2 + 23*d. Let f(s) be the second derivative of k(s). What is f(9)?
-17
Let f(u) = -u**3 - u**2 - 7*u - 6. Suppose -67*y - 98 = 170. Give f(y).
70
Let b(r) = 28*r - 106. Let c(y) = -24*y + 97. Let q(x) = 4*b(x) + 5*c(x). Give q(14).
-51
Let f(b) = 23*b - 113. Let u be f(6). Let n(d) = 27 - 5*d**2 + 3*d**2 - 2*d - u. Determine n(-3).
-10
Let c(i) = i - 7. Let r(v) = -v + 7. Let q(z) = -z**3 - 4*z**2 + 3*z + 3. Let s be q(-6). Let b = s + -52. Let n(l) = b*c(l) + 4*r(l). Calculate n(0).
-7
Let x(g) be the first derivative of 6*g**2 - 506*g - 3769. Give x(42).
-2
Let z(s) be the first derivative of s**2/2 + 7*s - 10. Let m = 97 + -94. Suppose -2*d - 3*q = -d - 16, m*q - 23 = -2*d. Determine z(d).
14
Let d(y) = 3*y**2 + 202*y - 201*y - 4*y**2 - 3 - 1. Let c(w) = 49*w + 242. Let q be c(-5). Determine d(q).
-16
Let g(t) = 426*t - 278*t - t**3 - 216*t - 36*t**2 + 13. Let b be g(-34). Let o(v) = -v**3 + 12*v**2 + 14*v - 19. What is o(b)?
-6
Let d(s) be the first derivative of -17*s**2 + 3*s + 1584. Determine d(1).
-31
Let j(x) = x**2 + 4. Let d be (-2)/((-2)/2)*12/(-8). Let u be (-20)/6 - d - (-40)/(-15). Calculate j(u).
13
Let u(g) = -2*g**3 + 5*g**2 + 4*g - 2. Suppose 20*h + 12 = 4*y + 15*h, 2*y = -4*h + 32. Suppose -y*f - 18 = -50. Give u(f).
-34
Let l(z) = -28*z - 20. Let j(t) = -13*t - 9. Let q(n) = -9*j(n) + 4*l(n). Suppose 2*h = -8*h - 20. Calculate q(h).
-9
Let s(q) = 4*q + 15. Let j be (-147 - -138)*((-4)/(-9))/2. What is s(j)?
7
Let a(g) = g**3 + 2*g**2. Let c(t) = -t**2 - 12*t + 6. Let m be c(-19). Let f = m - -137. Suppose 9 = i + f. Determine a(i).
1
Suppose 4*j - 4 = -5*o, -4*j = 3*o - 130 + 118. Let t(w) = -7*w - 26. Give t(o).
2
Suppose 0 = -q + 5 + 1. Let k(l) = 2*l**3. Let o(x) = 49*x + 2 + 48*x - 6*x**2 - 96*x - 3*x**3. Let f(w) = 2*k(w) + o(w). Give f(q).
8
Suppose l - 3 = -2*s + 25, l = 2*s - 44. Let v(y) = -3*y + 59. What is v(s)?
5
Let u(f) = 5*f + 13. Let o(m) = -3*m - 7. Let j(t) = 11*o(t) + 6*u(t). Let r(q) = -19 - q + 56 + 2 + 5*q. Let k be r(-9). Give j(k).
-8
Let v(y) = -y**3 - 3*y**2 + 8*y - 4. Let f(a) = a**2 + 12*a + 1. Let l be f(-13). Let d(p) = -p**3 + 12*p**2 + 30*p - 33. Let i be d(l). Determine v(i).
6
Suppose z = 2 + 10. Suppose p - z = -10. Let u(c) = -c**3 - 6 + 6*c**2 - 7*c + 0*c**2 + c**p + 4*c. Calculate u(6).
12
Let j(t) = -t**3 - 3*t**2 - 2. Let f = -1351 + 1347. Determine j(f).
14
Let h(r) = r**2 + 5*r + 3. Let p(u) = -u**3 - 26*u**2 - 47*u + 27. Let t be p(-24). Suppose -6*k = 3*i - 3*k + 12, 0 = -4*i + t*k - 16. Give h(i).
-1
Let n(y) = -5*y + 6. Let i(w) be the first derivative of -w**3/3 + 3*w**2 - 4*w - 20. Let b be i(4). What is n(b)?
-14
Suppose 5*w = -5*s + 10, -55*w + s + 33 = -51*w. Let r(u) be the second derivative of -w*u + 0 - 1/3*u**3 + 3/2*u**2. Give r(2).
-1
Let y(v) = -v**2 + 2*v + 7. Suppose -15 = -4*w + d, 18*d + 15 = 21*d. What is y(w)?
-8
Let z(t) = -10*t - 127. Let i be z(-14). Let d(y) be the second derivative of -1/6*y**3 + 0 + 3/2*y**2 - i*y. Determine d(5).
-2
Let b(q) = -q**3 - 4*q**2 + 2*q - 1. Let c(f) be the second derivative of -17*f - 5*f**2 + f**3 - 1/12*f**4 + 0. Let t be c(5). What is b(t)?
14
Let d = -121 + 141. Let h(x) = -23 - 15 + 45 - d - x. Give h(-8).
-5
Suppose 3*g + p - 6*p - 4 = 0, -3*g - 4*p = -13. Suppose 2*k + 3*k = g*k. Let c(f) = 2*f - 1. Calculate c(k).
-1
Let z be ((-3)/3 - 49/(-28)) + (-125)/(-4). Let f(b) = b - 46. Determine f(z).
-14
Let a(j) = 7*j + j**2 + 7*j**3 + 3*j - 6*j**3 - 15*j. What is a(-3)?
-3
Let w(y) = y**2 - 2. Let u(v) = -v**2 + 3. Let c(i) = -2*u(i) - 3*w(i). Let g = -3024 - -3028. Let k(n) = 2*n**2 - n + 1. Let d(q) = g*c(q) + 3*k(q). Give d(2).
5
Suppose 4*j = -2*u + 52, 67 = -j + 6*j + 3*u. Suppose 2*q - 1 + j = 0. Let a(x) = -2*x - 7. Let k(l) = -7*l - 28. Let c(i) = -9*a(i) + 2*k(i). What is c(q)?
-13
Let v be 1 - 10*(-2)/2. Let q(r) = -r**3 - 22*r**2 - r + 8. Let l(z) = 3*z**3 + 55*z**2 + 3*z - 25. Let b(y) = -3*l(y) - 8*q(y). Calculate b(v).
0
Let x(y) be the third derivative of 11*y**4/24 - y**3/6 - y**2. Suppose -79*s + 81*s + 4*j = 34, -4*j = -2*s - 30. Determine x(s).
10
Let i(l) be the first derivative of -l**2/2 + l - 7. Let g(y) = -2*y - 4. Let j(z) = -z - 3. Let c(h) = -2*g(h) + 3*j(h). Let q(f) = 3*c(f) + 4*i(f). Give q(3).
-2
Let w(s) be the first derivative of 3*s**2 + 4*s + 4911. Determine w(-7).
-38
Let z(u) = 3*u - 42. Let p be (-2 + 4 - 72/30)*-7*5. What is z(p)?
0
Let f be (-1 + -1 + 48)*(-3)/(-6). Let m(c) = -3*c**2 + 67*c + 42. Determine m(f).
-4
Let b(v) = 55*v - 27. Let q(k) = 19*k - 1. Let g(d) = b(d) - 3*q(d). Determine g(-13).
2
Suppose -12903*n + 12897*n = -72. Let o(g) = -g**3 + 10*g**2 + 26*g. Give o(n).
24
Let w(n) = n**3 + 2*n**2 + 2*n + 2. Let u = -24665 - -24668. Calculate w(u).
53
Suppose -4*n + 16 = x, 3*n - n - 8 = 0. Suppose -c + f + 9 = x, -4*f - 14 + 2 = 0. Let o(j) = j**2 - 8*j + 9. What is o(c)?
-3
Let k(a) = -491 + 377*a + 500 - 399*a. What is k(-4)?
97
Let r(z) = 2*z**3 - 100*z**2 + 98*z + 7. Let i be r(49). Let n(j) be the first derivative of 18 - 1/2*j**2 - i*j. Determine n(-6).
-1
Let q(t) = 3 + t + 1 - 2. Suppose 7325*p - 48 = 7317*p. Give q(p).
8
Let p(i) = 30*i**2 - 1. Let n = -84 - -114. Let j be -5*(-18)/n + -4. Give p(j).
29
Let m(o) = -9*o**3 + 12*o**2 - 12*o + 1. Let s(b) = 11*b**3 - 13*b**2 + 15*b - 1. Let a(w) = -6*m(w) - 5*s(w). Calculate a(-3).
-28
Let y be 1*((-1)/(-2) - 166/(-4)). Suppose -q = 43 - y. Let u(v) = -5*v + 2. Give u(q).
7
Let z(v) = 1 + 6 - 5 - 3 - v. Let q(l) = -2*l - 1. Let k(a) = q(a) - z(a). Suppose 4*y - 6*y + 10 = 0. Determine k(y).
-5
Let i(g) = 2*g**2 - 26*g + 22. Let u(n) = -3*n**2 + 39*n - 34. Let h(d) = -11*i(d) - 7*u(d). Suppose -b + 7 = -2*p, 0*b + 2*b = p + 23. Calculate h(b).
-4
Let v(o) = -2*o + 1. Suppose 236 = 14*z - 1262. Suppose -5*x = -z + 82. What is v(x)?
-9
Let h(r) = 7*r - 75. Let l(k) = 3*k - 38. Let m(q) = -4*h(q) + 9*l(q). Suppose 6 = 161*c + 6. Determine m(c).
-42
Let w(o) = -17*o**3 - 46*o**2 - 285*o - 180. Let r(q) = -3*q**3 - 9*q**2 - 57*q - 36. Let j(m) = 11*r(m) - 2*w(m). Give j(12).
0
Let v(h) = h**2 + 7*h + 5. Let w(z) = 9*z**2 - 36*z - 2*z**2 - 2 - 33*z + 70*z. Let c be w(1). Suppose -5*j = 2*o - 2, -o + 3*j = -4*o - c. Give v(o).
-7
Let w = 52 + -47. Suppose w*x = 38 - 13. Let g(a) = -a**2 + 3 - 9*a + x - 1 + 2*a**2. Give g(8).
-1
Let k(o) = -137*o + 24 + 411*o - 140*o - 132*o. Calculate k(-13).
-2
Let y = 206 + -204. Let u(i) = -y*i + 0 + 17 - 3. What is u(10)?
-6
Suppose 1112*w - 96 = 1100*w. Let i(d) = 3*d - 14. Give i(w).
10
Suppose 4*k = -t - 17, 2*k = 3*t - 21 + 2. Let m(n) = 2*n - 2 + 53*n**t - 3*n + 3 - n**2 - 51*n**3. Determine m(2).
11
Let o(r) = 5*r + 38 - 22 - 18 - r**2. Let z(u) = -4*u**2 + 14*u - 7. Let x(t) = -7*o(t) + 2*z(t). Determine x(-7).
0
Let v(s) = -6*s**3 - s - 1. Let h(k) = 95*k. Let q be h(1). Suppose -4*m + x = 395, q = -3*m + 2*m + 4*x. Let w = m + 98. Give v(w).
6
Let u(x) = 14*x + 2. Let l(p) = -p**2 + 26*p - 89. Let j be l(22). Give u(j).
-12
Let v(r) = -39*r**2 + 282*r - 8. Let c(i) = 8*i**2 + i - 10. Let a(z) = c(z) - v(z). Calculate a(6).
4
Let c(l) = -l**2 - 8. Let u be c(0). Let t(d) be the first derivative of -d**3/3 - 4*d**2 - 8*d - 329. Give t(u).
-8
Let h(g) = -39 - 69 - g - 36*g + 18 + 24*g + g**2. Determine h(18).
0
Let a(f) = -6*f**3 - 11*f**2 - 6*f + 12. Let n(i) = i**3 + i**2 + i. Let q(l) = a(l) + 5*n(l). Let k = 28448 + -28453. Calculate q(k).
-8
Let n(g) = 2*g + 1403 - 699 - g**3 + 20*g**2 - 702 + 0*g. What is n(20)?
42
Let y(n) = -3*n**2 + 13*n + 1. Let r(s) = -22*s**2 + 93*s + 6. Let v(u) = 2*r(u) - 15*y(u). Give v(5).
-23
Let l be ((-27)/(-63))/(2/14). Let q(n) = 8*n + 2*n**2 + 15*n - n**3 + 4 - 23*n + 3*n. Determine q(l).
4
Let j(w) be the second derivative of -1/6*w**3 + 6*w + 0 + w**2. Give j(4).
-2
Let i(y) = -4*y**3 + 106*y**2 + 55*y + 123. Let n(r) = 2*r**3 - 51*r**2 - 27*r - 61. Let j(a) = -3*i(a) - 5*n(a). Calculate j(32).
0
Suppose -48*b = -46*b - 676. L